{"id":51,"date":"2019-02-09T08:51:40","date_gmt":"2019-02-09T06:51:40","guid":{"rendered":"https:\/\/dorfgemeinschaftohof.wordpress.com\/?page_id=51"},"modified":"2024-08-20T16:16:46","modified_gmt":"2024-08-20T16:16:46","slug":"impressum","status":"publish","type":"page","link":"https:\/\/ohof.net\/?page_id=51","title":{"rendered":"Impressum"},"content":{"rendered":"\n<p><strong>Anschrift:<\/strong><br>Dorfgemeinschaft Ohof e.V.<br>Seersh\u00e4user Stra\u00dfe 6<br>38536 Meinersen<\/p>\n\n\n\n<p>Phone &nbsp;0157 34497101 (private Anfragen werktags Mo-Fr 16-19 Uhr) <br>oder per E-Mail an&nbsp;<a rel=\"noreferrer noopener\" aria-label=\" (\u00f6ffnet in neuem Tab)\" href=\"mailto:info@ohof.net\" target=\"_blank\">info@ohof.net<\/a><\/p>\n\n\n\n<p><a href=\"https:\/\/www.ohof.net\/\">WWW.OHOF.NET<\/a><br><\/p>\n\n\n\n<p><strong>Vertretungsberechtigter:<\/strong><br>Hans-Henning Wrede. (Vorsitzender), Volker Hamann (stellv.Vorsitzender)<\/p>\n\n\n\n<p><strong>Inhaltlich Verantwortlicher gem\u00e4\u00df \u00a7 6 MDStV:<\/strong><br>Frederik Weferling (Pressewart)<\/p>\n\n\n\n<p><strong>Bildnachweis:<br><\/strong>Eigentum&nbsp;der&nbsp;Dorfgemeinschaft&nbsp;e.V.<\/p>\n\n\n\n<h2 class=\"wp-block-heading\">RECHTLICHER HINWEIS:<\/h2>\n\n\n\n<p><strong>Nutzungsbedingungen:<\/strong><br>Durch das Zugreifen auf und das Verwenden der Website der Dorfgemeinschaft e.V. erkennen Sie die nachfolgend aufgef\u00fchrten Nutzungsbedingungen uneingeschr\u00e4nkt und in ihrem gesamten Umfang an.<\/p>\n\n\n\n<p><strong>Nutzungsverbote:<\/strong><br>Sie d\u00fcrfen unsere Website ausschlie\u00dflich im gesetzlich zul\u00e4ssigen Rahmen nutzen. Es ist untersagt, unsere Website zu nutzen:<\/p>\n\n\n\n<ul class=\"wp-block-list\">\n<li>um in jedweder Art und Weise gegen geltende lokale, nationale oder internationale Gesetze oder Vorschriften zu versto\u00dfen;<\/li>\n\n\n\n<li>um in jedweder Art und Weise ungesetzlich oder betr\u00fcgerisch zu handeln, oder einen ungesetzlichen oder betr\u00fcgerischen Zweck oder Effekt zu verfolgen;<\/li>\n\n\n\n<li>um Minderj\u00e4hrigen zu schaden oder dies in jedweder Weise zu versuchen;<\/li>\n\n\n\n<li>um Materialien zu versenden, wissentlich zu empfangen, hochzuladen, herunterzuladen, zu verwenden oder wiederzuverwenden, die unseren nachfolgend ausgef\u00fchrten Inhaltsstandards nicht entsprechen;<\/li>\n\n\n\n<li>um unaufgefordert oder unberechtigt Werbe- oder Promotionsmaterial oder jede andere Form \u00e4hnlicher Mitteilungen (Spam) zu \u00fcbermitteln oder einen Versand solcher Materialien herbeizuf\u00fchren;<\/li>\n\n\n\n<li>um wissentlich Daten zu \u00fcbermitteln, oder Materialien zu versenden oder hochzuladen, die Viren, Trojaner, W\u00fcrmer, Zeitbomben, Keylogger, Spyware, Adware oder andere Schadprogramme oder \u00e4hnlichen Computercode enthalten, der darauf abzielt, den Betrieb von Computer-Software oder -Hardware negativ zu beeintr\u00e4chtigen.<\/li>\n<\/ul>\n\n\n\n<p><strong>Zugriff auf die Website:<br><\/strong>Wir behalten uns das Recht vor, den Service, den wir auf unserer Website anbieten, ohne Ank\u00fcndigung zu beenden oder zu \u00e4ndern.<br>Wir \u00fcbernehmen keine Haftung, sollte unsere Website aus beliebigem Grund zu einem beliebigen Zeitpunkt oder f\u00fcr einen beliebigen Zeitraum nicht verf\u00fcgbar sein.<br>Wenn Sie im Rahmen unserer Sicherheitsvorkehrungen einen Benutzercode, ein Passwort oder eine andere Information w\u00e4hlen oder erhalten, sind Sie verpflichtet, diese Informationen vertraulich zu behandeln und d\u00fcrfen sie nicht an Dritte weitergeben. Wir behalten uns das Recht vor, alle Benutzercodes oder Passw\u00f6rter, ob von Ihnen gew\u00e4hlt oder von uns vergeben, jederzeit zu deaktivieren, wenn Sie unserer Meinung nach gegen eine Regelung dieser Nutzungsbedingungen versto\u00dfen haben.<\/p>\n\n\n\n<p><strong>Urheberrechte:<\/strong><br>\u00a9 Dorfgemeinschaft Ohof e.V.<br>Diese gesamte Website unterliegt der internationalen Gesetzgebung zu Urheber-, Marken- und anderen Gesetzen zum Schutze geistigen Eigentums, sowohl was deren Form (redaktionelle Entscheidungen, Layout, Themen, M\u00f6glichkeiten des Datenzugriffs, Anzeige etc.) wie auch was ihren Inhalt betrifft (Texte, Bilder, Grafiken, Ton-, Video- und Animationsdateien etc.). Die auf dieser Website angezeigten Inhalte, Produktnamen, Produktbezeichnungen und Logos sind alleiniges Eigentum der Dorfgemeinschaft e.V..<br>Jede Reproduktion, Repr\u00e4sentation, Verbreitung oder Weiterverbreitung, ob im Ganzen oder in Teilen, der Inhalte und Materialien dieser Website in jedem beliebigen Medium oder jeder beliebigen Form (insbesondere Caching, Framing), sowie Verkauf, Weiterverkauf, Weiter\u00fcbertragung oder jede andere Handlung, die darauf abzielt, solche Inhalte in jedweder Art und Weise Dritten zug\u00e4nglich zu machen, sind ohne schriftliche Genehmigung der Dorfgemeinschaft Ohof e.V. untersagt.<\/p>\n\n\n\n<p><strong>Wichtiger Hinweis zu allen Links:<\/strong><br>Links zu Webseiten Dritter werden Ihnen auf dieser Website als reine Serviceleistung bzw. als Hinweis angeboten. F\u00fcr die Inhalte, zu denen verlinkt wird, sind die Anbieter der jeweiligen Websites selbst verantwortlich. Dorfgemeinschaft Ohof e.V. billigt die Drittinhalte weder, noch soll durch die Verlinkung eine Verbindung zwischen  <br>Dorfgemeinschaft Ohof e.V.  und diesen Inhalten hergestellt werden.<\/p>\n\n\n\n<p><strong>Haftungsausschluss:<\/strong><br>Es kann keine Garantie daf\u00fcr \u00fcbernommen werden, dass alle Angaben zu jeder Zeit vollst\u00e4ndig, richtig und in letzter Aktualit\u00e4t dargestellt sind. Dies gilt insbesondere f\u00fcr alle Verbindungen (\u201cLinks\u201d) zu anderen Webseiten, auf die direkt oder indirekt verwiesen wird. Alle Angaben k\u00f6nnen ohne vorherige Ank\u00fcndigung erg\u00e4nzt, entfernt oder ge\u00e4ndert werden.<br>Soweit gesetzlich zul\u00e4ssig, schlie\u00dfen wir jegliche Haftung f\u00fcr direkte, indirekte, zuf\u00e4llige, vorab konkret zu bestimmende oder Folgesch\u00e4den oder Verluste, die einem Nutzer in Verbindung mit unserer Website oder in Verbindung mit der Nutzung, nicht m\u00f6glichen Nutzung oder den Ergebnissen der Nutzung unserer Website, mit ihr verlinkten Websites und allen auf ihr bereitgestellten Materialien entstehen, ausdr\u00fccklich aus.<\/p>\n\n\n\n<p><strong>Anwendbares Recht:<\/strong><br>Diese Nutzungsbedingungen und alle Rechtsstreitigkeiten oder Forderungen, die sich aus ihnen oder im Zusammenhang mit ihnen, ihrem Inhalt oder ihrer Form ergeben unterliegen deutschem Recht.<\/p>\n\n\n\n<p>Datum: 07.Februar 2023<br>Diese Website wird regelm\u00e4\u00dfig aktualisiert und die Nutzungsbedingungen k\u00f6nnen ge\u00e4ndert werden.<\/p>\n","protected":false},"excerpt":{"rendered":"<p>Anschrift:Dorfgemeinschaft Ohof e.V.Seersh\u00e4user Stra\u00dfe 638536 Meinersen Phone &nbsp;0157 34497101 (private Anfragen werktags Mo-Fr 16-19 Uhr) oder per E-Mail an&nbsp;info@ohof.net WWW.OHOF.NET Vertretungsberechtigter:Hans-Henning Wrede. (Vorsitzender), Volker Hamann (stellv.Vorsitzender) Inhaltlich Verantwortlicher gem\u00e4\u00df \u00a7 6 MDStV:Frederik Weferling (Pressewart) Bildnachweis:Eigentum&nbsp;der&nbsp;Dorfgemeinschaft&nbsp;e.V. RECHTLICHER HINWEIS: Nutzungsbedingungen:Durch das Zugreifen auf und das Verwenden der Website der Dorfgemeinschaft e.V. erkennen Sie die nachfolgend aufgef\u00fchrten Nutzungsbedingungen [&hellip;]<\/p>\n","protected":false},"author":1,"featured_media":0,"parent":0,"menu_order":0,"comment_status":"closed","ping_status":"closed","template":"template-nosidebar.php","meta":{"footnotes":""},"class_list":["post-51","page","type-page","status-publish","hentry","post-preview"],"_links":{"self":[{"href":"https:\/\/ohof.net\/index.php?rest_route=\/wp\/v2\/pages\/51","targetHints":{"allow":["GET"]}}],"collection":[{"href":"https:\/\/ohof.net\/index.php?rest_route=\/wp\/v2\/pages"}],"about":[{"href":"https:\/\/ohof.net\/index.php?rest_route=\/wp\/v2\/types\/page"}],"author":[{"embeddable":true,"href":"https:\/\/ohof.net\/index.php?rest_route=\/wp\/v2\/users\/1"}],"replies":[{"embeddable":true,"href":"https:\/\/ohof.net\/index.php?rest_route=%2Fwp%2Fv2%2Fcomments&post=51"}],"version-history":[{"count":1,"href":"https:\/\/ohof.net\/index.php?rest_route=\/wp\/v2\/pages\/51\/revisions"}],"predecessor-version":[{"id":1477,"href":"https:\/\/ohof.net\/index.php?rest_route=\/wp\/v2\/pages\/51\/revisions\/1477"}],"wp:attachment":[{"href":"https:\/\/ohof.net\/index.php?rest_route=%2Fwp%2Fv2%2Fmedia&parent=51"}],"curies":[{"name":"wp","href":"https:\/\/api.w.org\/{rel}","templated":true}]}}