{"id":1252,"date":"2019-03-10T18:43:00","date_gmt":"2019-03-10T18:43:00","guid":{"rendered":"https:\/\/ohof.net\/?post_type=docs&#038;p=1252"},"modified":"2023-11-22T18:44:44","modified_gmt":"2023-11-22T18:44:44","password":"","slug":"erfolgreicher-aktionstag-sauberer-landkreis","status":"publish","type":"docs","link":"https:\/\/ohof.net\/?docs=erfolgreicher-aktionstag-sauberer-landkreis","title":{"rendered":"Erfolgreicher Aktionstag &#8222;Sauberer Landkreis&#8220;"},"content":{"rendered":"\n<p>Erste Teilnahme der Dorfgemeinschaft Ohof e.V. beim Aktionstag &#8222;Sauberer Landkreis&#8220; war ein riesen Erfolg, auch dank des trockenen teils sonnigen Wetters am Vormittag. 34 flei\u00dfige Helfer sind bekommen um im Ort dem M\u00fcll den Kampf anzusagen, darunter auch die Jugendfeuerwehr von Ohof. Vier Gruppen sind durch den Ort gezogen, dabei sind viele M\u00fclls\u00e4cke gef\u00fcllt worden. Im Anschlu\u00df lud die Dorfgemeinschaft zu Bratwurst und Getr\u00e4nken ein. An dieser Stelle noch vielen Dank an alle flei\u00dfigen Helfer, die so zahlreich erschienen und tatkr\u00e4ftig mit angepackt haben.<\/p>\n\n\n\n<p>Wir w\u00fcrden uns freuen euch und weitere Helfer auch im n\u00e4chsten Jahr begr\u00fc\u00dfen zu d\u00fcrfen.<\/p>\n\n\n\n<figure class=\"wp-block-image\"><img loading=\"lazy\" decoding=\"async\" width=\"1600\" height=\"1200\" src=\"https:\/\/dorfgemeinschaftohof.files.wordpress.com\/2019\/03\/img-20190310-wa0018.jpg\" alt=\"\" class=\"wp-image-509\" srcset=\"https:\/\/ohof.net\/wp-content\/uploads\/2019\/03\/img-20190310-wa0018.jpg 1600w, https:\/\/ohof.net\/wp-content\/uploads\/2019\/03\/img-20190310-wa0018-300x225.jpg 300w, https:\/\/ohof.net\/wp-content\/uploads\/2019\/03\/img-20190310-wa0018-1024x768.jpg 1024w, https:\/\/ohof.net\/wp-content\/uploads\/2019\/03\/img-20190310-wa0018-768x576.jpg 768w, https:\/\/ohof.net\/wp-content\/uploads\/2019\/03\/img-20190310-wa0018-1536x1152.jpg 1536w\" sizes=\"auto, (max-width: 1600px) 100vw, 1600px\" \/><\/figure>\n","protected":false},"excerpt":{"rendered":"<p>Erste Teilnahme der Dorfgemeinschaft Ohof e.V. beim Aktionstag &#8222;Sauberer Landkreis&#8220; war ein riesen Erfolg, auch dank des trockenen teils sonnigen Wetters am Vormittag. 34 flei\u00dfige Helfer sind bekommen um im Ort dem M\u00fcll den Kampf anzusagen, darunter auch die Jugendfeuerwehr von Ohof. Vier Gruppen sind durch den Ort gezogen, dabei sind viele M\u00fclls\u00e4cke gef\u00fcllt worden. [&hellip;]<\/p>\n","protected":false},"author":1,"featured_media":0,"comment_status":"closed","ping_status":"closed","template":"","meta":{"footnotes":""},"doc_category":[],"doc_tag":[43],"class_list":["post-1252","docs","type-docs","status-publish","hentry","doc_tag-article","post-preview"],"year_month":"2026-05","word_count":111,"total_views":0,"reactions":{"happy":0,"normal":0,"sad":0},"author_info":{"name":"Dorfgemeinschaft","author_nicename":"admin","author_url":"https:\/\/ohof.net\/?author=1"},"doc_category_info":[],"doc_tag_info":[{"term_name":"Article","term_url":"https:\/\/ohof.net\/?doc_tag=article"}],"_links":{"self":[{"href":"https:\/\/ohof.net\/index.php?rest_route=\/wp\/v2\/docs\/1252","targetHints":{"allow":["GET"]}}],"collection":[{"href":"https:\/\/ohof.net\/index.php?rest_route=\/wp\/v2\/docs"}],"about":[{"href":"https:\/\/ohof.net\/index.php?rest_route=\/wp\/v2\/types\/docs"}],"author":[{"embeddable":true,"href":"https:\/\/ohof.net\/index.php?rest_route=\/wp\/v2\/users\/1"}],"replies":[{"embeddable":true,"href":"https:\/\/ohof.net\/index.php?rest_route=%2Fwp%2Fv2%2Fcomments&post=1252"}],"version-history":[{"count":1,"href":"https:\/\/ohof.net\/index.php?rest_route=\/wp\/v2\/docs\/1252\/revisions"}],"predecessor-version":[{"id":1254,"href":"https:\/\/ohof.net\/index.php?rest_route=\/wp\/v2\/docs\/1252\/revisions\/1254"}],"wp:attachment":[{"href":"https:\/\/ohof.net\/index.php?rest_route=%2Fwp%2Fv2%2Fmedia&parent=1252"}],"wp:term":[{"taxonomy":"doc_category","embeddable":true,"href":"https:\/\/ohof.net\/index.php?rest_route=%2Fwp%2Fv2%2Fdoc_category&post=1252"},{"taxonomy":"doc_tag","embeddable":true,"href":"https:\/\/ohof.net\/index.php?rest_route=%2Fwp%2Fv2%2Fdoc_tag&post=1252"}],"curies":[{"name":"wp","href":"https:\/\/api.w.org\/{rel}","templated":true}]}}

<p>Erste Teilnahme der Dorfgemeinschaft Ohof e.V. beim Aktionstag &#8222;Sauberer Landkreis&#8220; war ein riesen Erfolg, auch dank des trockenen teils sonnigen Wetters am Vormittag. 34 fleißige Helfer sind bekommen um im Ort dem Müll den Kampf anzusagen, darunter auch die Jugendfeuerwehr von Ohof. Vier Gruppen sind durch den Ort gezogen, dabei sind viele Müllsäcke gefüllt worden. Im Anschluß lud die Dorfgemeinschaft zu Bratwurst und Getränken ein. An dieser Stelle noch vielen Dank an alle fleißigen Helfer, die so zahlreich erschienen und tatkräftig mit angepackt haben.</p>



<p>Wir würden uns freuen euch und weitere Helfer auch im nächsten Jahr begrüßen zu dürfen.</p>



<figure class="wp-block-image"><img loading="lazy" decoding="async" width="1600" height="1200" src="https://dorfgemeinschaftohof.files.wordpress.com/2019/03/img-20190310-wa0018.jpg" alt="" class="wp-image-509" srcset="https://ohof.net/wp-content/uploads/2019/03/img-20190310-wa0018.jpg 1600w, https://ohof.net/wp-content/uploads/2019/03/img-20190310-wa0018-300x225.jpg 300w, https://ohof.net/wp-content/uploads/2019/03/img-20190310-wa0018-1024x768.jpg 1024w, https://ohof.net/wp-content/uploads/2019/03/img-20190310-wa0018-768x576.jpg 768w, https://ohof.net/wp-content/uploads/2019/03/img-20190310-wa0018-1536x1152.jpg 1536w" sizes="auto, (max-width: 1600px) 100vw, 1600px" /></figure>

<p>Erste Teilnahme der Dorfgemeinschaft Ohof e.V. beim Aktionstag &#8222;Sauberer Landkreis&#8220; war ein riesen Erfolg, auch dank des trockenen teils sonnigen Wetters am Vormittag. 34 fleißige Helfer sind bekommen um im Ort dem Müll den Kampf anzusagen, darunter auch die Jugendfeuerwehr von Ohof. Vier Gruppen sind durch den Ort gezogen, dabei sind viele Müllsäcke gefüllt worden. [&hellip;]</p>
